 Calculate j(l).
-2
Let r(g) = -g + 5. Suppose -9*s - 2 = -10*s. Suppose 4*i + 8 = 2*x, s = 2*i - 4. Let z be r(x). Let o(j) = -j - 2. Calculate o(z).
3
Let p(o) = -3*o + o + 3*o - 2. Suppose -q + 0*d = -5*d - 30, -4*q + 3*d + 52 = 0. Suppose -q*u = 100 - 80. Determine p(u).
-4
Suppose -50 = 7*m + 41. Let w(x) = -8*x + 26. Let o(g) = -4*g + 13. Let t(l) = m*o(l) + 6*w(l). Let s(y) = -3*y + 12. Let p(f) = -3*s(f) - 2*t(f). Give p(0).
-10
Let y(i) = -106*i + 45*i - 82 + 134*i. What is y(1)?
-9
Let v(p) be the third derivative of p**4/6 + 106*p**3/3 + 6340*p**2. What is v(-52)?
4
Let r(u) = u**3 - u**2 - 5*u + 2. Let q(d) = -27*d + 61. Let h be q(2). Suppose -h = 14*z - 49. Calculate r(z).
5
Let j(g) = -g - 15. Let h = -105 - -108. Suppose -27 - 6 = h*t. What is j(t)?
-4
Suppose 3*d + 24 = 0, 0 = 12*h - 0*d + 2*d + 76. Let w(j) = j**3 + 7*j**2 + 10*j - 5. Give w(h).
-5
Let g(j) be the third derivative of -j**5/60 - j**4/3 - 5*j**3/3 + j**2. Let a(v) = -60*v + 113. Let p be a(2). Let r be g(p). Let l(t) = t + 2. Give l(r).
-1
Let z(a) = -a**2 - 5*a - 2. Suppose 0 = 4*m - 2*d - 3*d - 23, 0 = -3*m - 3*d - 3. Suppose -2*i + 8 = -4*q, 25*i + 28 = 22*i - m*q. Calculate z(i).
-8
Suppose -5*f - 10 = -60. Let v(s) = 410*s - 9. Let x(p) = -1948*p + 45. Let b(n) = 19*v(n) + 4*x(n). Calculate b(f).
-11
Let c(o) = -9*o**3 - 14*o**3 - 41*o**3 - o**2 - 1 + 14*o**3 + o + 0*o**2. What is c(1)?
-51
Let j(r) = -2*r + 1. Let o(g) = -3*g + 1. Let s(h) = -5*j(h) + 3*o(h). Let t(x) = 4*x - 7. Suppose -235 - 157 = -28*w. Let p(m) = w*s(m) - 4*t(m). Give p(-1).
2
Let t(n) be the second derivative of n**3/6 + 3*n**2 - 3021*n + 2. Let b = 9 - 6. Suppose b*i - 14 = 5*i. Determine t(i).
-1
Let g(o) = -152 + 75 + 0*o**2 + o**2 + 75. Let h = 10 - 14. Let d be 49/(-21) + h/6. What is g(d)?
7
Let x = 776 - 406. Let i(m) = -374*m + 745*m - x*m - 1. Determine i(7).
6
Let b(r) = -116 + 289 - 8*r + r**2 - 103 - 18*r. Determine b(24).
22
Let k(o) = -2*o**2 - 28*o - 81. Let z be k(-5). Let c = 22 - 12. Let r(j) = 5 - 7 + j**2 + z - c*j. What is r(6)?
-17
Let u be (4/(-6))/(2/12). Let b(i) be the third derivative of -i**4/24 - 13*i**3/6 - 3*i**2 + 648*i. Give b(u).
-9
Suppose 0 = 2*m, 3*o - 2*m = -4*m - 51. Let b = 26 + o. Let y(q) = q**3 - 9*q**2 - q - 6. What is y(b)?
-15
Let c be -11*(-78)/(-4)*(-2)/3. Let w(n) = 73*n + 69*n - c*n + 0 + 1. Suppose 4*o - i - 25 = 0, 3*i - 1 = -2*o + 8. Calculate w(o).
-5
Let z(f) be the second derivative of -f**4/12 + f**3/6 + 13*f**2/2 + 27369*f. Let r = -15 - -11. Determine z(r).
-7
Let x(s) be the second derivative of -s**5/30 + s**4/12 + s**3/3 + 22*s - 1. Let l(n) be the second derivative of x(n). Calculate l(2).
-6
Suppose 37 = -4*j - 11. Let z be ((-2)/(-8))/(j/(-144)). Let g(s) = 1 + 14*s**2 + z*s - 28*s**2 - s + 16*s**2. Determine g(-1).
1
Let k(b) = 2*b - 17. Let j(d) = 1. Let f(l) = 3*j(l) - k(l). Let w(v) = v**2 + 3780*v + 8. Let a be w(0). Determine f(a).
4
Let j(g) = g**3 - 7*g**2 + 11*g - 1. Let r(x) = x**2 - 149*x + 1523. Let k be r(11). Determine j(k).
4
Suppose 1 + 23 = 3*d - 4*y, 0 = d + 2*y - 8. Suppose 2*w = -q - 2, 3*q - d*q = 3*w + 17. Let t(b) = 24*b - 2. What is t(w)?
22
Let q(s) = -5824*s + 2907*s + 2*s**2 + 3 + 2915*s - 8*s**2. Give q(1).
-5
Let t(i) be the second derivative of -i**5/20 + 3*i**4/2 + 2*i**3/3 - 31*i**2 - 9747*i. What is t(18)?
10
Let f = -4244 + 4236. Let p(i) = 3*i**2 + 16*i. Determine p(f).
64
Let c(f) = -11*f**2 + 66*f + 69. Let z(v) = -14*v**2 + 76*v + 68. Let q(p) = 5*c(p) - 4*z(p). Give q(-23).
4
Let h(g) = 6*g**2 + 29*g + 7. Let p be h(-5). Suppose 5*z - 2 = u - p, -4*z - u - 17 = 0. Let j(b) = b**2 + 2*b + 2. Calculate j(z).
5
Let x be (-2)/(-5) + 36/10. Let o = 41 - 39. Let z(w) = 203*w**2 - w**3 + 204*w**2 + 2*w - 404*w**o. Calculate z(x).
-8
Suppose -3*c + 33 = -14*c. Let t be c/5 + 108/180. Let g(w) = -w - 1. Let s(k) = 3*k + 14. Let v(m) = 4*g(m) + s(m). What is v(t)?
10
Let r(p) = 6*p**2 - 91*p + 19. Let t be (0 - 2 - (6 - 16)) + 7. Determine r(t).
4
Let j be 2/4 + 153/(-18). Let d(r) = -2*r - 74. Let p be d(-27). Let k be p/(-6) + -1 - j/12. Let s(h) = -h**2 + 5*h - 3. Give s(k).
3
Let l(b) = -b**3 + 3*b**2 + b. Let c = -147 - -150. Let m(r) = 5*r**3 - 2*r**2 + 3*r + 1. Let y(f) = c*l(f) + m(f). Give y(-4).
-39
Let k(f) = 2*f - 12. Let j be k(9). Let c(i) = 0*i - 6*i + 7*i + j*i**2. Suppose 2 = -5*q - 13, -2*q - 11 = 5*x. Give c(x).
5
Suppose 2*b + 9*b + 80 = -29*b. Let n(p) = -p**2 - 6*p - 3. Calculate n(b).
5
Suppose -71 = 2*c + j + 200, 2*c + 4*j + 256 = 0. Let i = c + 133. Let f(q) = q + 8. What is f(i)?
3
Let z(k) be the second derivative of k**5/20 + 11*k**4/12 + 5*k**3 + 15*k - 10. Determine z(-6).
0
Let i(h) = -3*h**2 + 5*h + 3. Let c(u) = -10*u**2 + 164 + 173 - 328 + 15*u. Let q(p) = 2*c(p) - 7*i(p). Calculate q(5).
-3
Let i(a) = 0*a + 3 - 11 - 3 + 8*a. Let g(d) = 6*d - 11. Let c(h) = 3*g(h) - 2*i(h). What is c(0)?
-11
Let w(r) = -r**3 + 20*r**2 - 19*r - 40. Let m(c) = -74*c - 1461. Let n be m(-20). What is w(n)?
-40
Let o(k) = 2 - 10*k - 18*k + 46*k - 13*k + 2. Let t(w) = -w**3 + 4*w**2 - 2*w - 1. Let a be t(3). Calculate o(a).
14
Let g(n) = n**2 + 8*n. Suppose -2*o = 15*o + 2278. Let s = o - -126. Give g(s).
0
Suppose -11*p + 127 = 28. Let x(s) = -2*s**3 + 19*s**2 - 8*s - 6. What is x(p)?
3
Let k(q) = 7*q - 8. Let o = 3647 + -3640. Determine k(o).
41
Let j(m) = -5*m**3 + 52*m - 51. Let o be j(1). Let v(y) = 2*y**3 + 9*y**2 + 3*y - 12. Give v(o).
-8
Let k(d) = -86*d + 38. Let v(a) = -23*a + 10. Let o(c) = 4*k(c) - 15*v(c). Determine o(-16).
-14
Let j be (1/4)/(2/8). Let v(b) = -10 + b**2 + 4 + 4 + b + 4*b**2 + b**2. Give v(j).
5
Let d be (16 + -15)*(-6)/(1 + -4). Let k(y) = -4*y**2 + 7*y - 11. Give k(d).
-13
Let x(t) = 325*t + 334*t - 981*t - 2*t**2 + 332*t. Let j = 48 + -43. Calculate x(j).
0
Let p(n) = -11 - 21*n - 11 + 14 - 4 + 141*n**2 - 138*n**2. Determine p(7).
-12
Let c be (88/(-77))/(4/(-28)). Let o be 1/(-5 + 42/c). Let q(j) = 2*j**3 - 9*j**2 + 4*j + 2. Give q(o).
2
Let s(p) = -51*p - 570. Let w be s(-11). Let v(o) = -o**3 - 8*o**2 + 12*o + 17. Determine v(w).
-10
Let c(r) = -3*r + 26*r**3 + 25*r**3 - 52*r**3 + 4 - 4*r**2. Let m be c(-2). Let v(s) = s**3 - 2*s**2 - 2. Determine v(m).
-2
Let m(j) be the second derivative of -j**5/20 - j**4/2 + j**3/2 + 5*j**2 - 11*j - 1. Determine m(-6).
-8
Suppose -4*g = 3*p - 2, 0 = -5*g - p + 18 + 1. Let d(n) = n**3 - 8*n**2 - 11. Calculate d(g).
-86
Let g(c) = c**2 + 134*c - 836. Let h be g(-140). Let l(k) = k**3 - 13*k**2 + 31*k + 1. What is l(h)?
-19
Suppose 8*g = 12*g - 36. Let v(l) = -72*l - 6 - 77*l - 71*l + 218*l. Let x(h) = h. Let k(y) = -v(y) - 3*x(y). Give k(g).
-3
Let q(s) = s - 1. Suppose 4*x - 36 = -4*d, 0 = 8*x - 3*x - 5*d - 15. Let g(p) = 15*p - 7. Let c(j) = x*q(j) - g(j). Suppose 0*i + i = -1. Determine c(i).
10
Let r = 249 + -249. Suppose r = -h - 5 + 11. Let k(d) = d**3 - 6*d**2 + 2*d + 7. Determine k(h).
19
Suppose -85*u + 1176 = 38*u + 73*u. Let p(y) = y**3 - 4*y**2 - 14*y + 12. Give p(u).
0
Let k be 6/36 + 38/(-12). Let i(o) = -17*o - 34. Let y be i(-6). Let x(t) = 39 + 35 - y + t. What is x(k)?
3
Let c(i) = 2*i**2 - 5*i + 2. Let b(r) = r**3 - 4*r**2 - 6*r + 7. Let s be b(5). Let u be c(s). Let n(h) = 4 - 3 + u - 14*h**2 + 0. Determine n(-1).
-13
Let k(b) be the third derivative of -11*b**4/12 + b**3/6 + 1502*b**2. Determine k(1).
-21
Suppose -4*h = 8 + 12. Let w(d) = 5 + 14 + 0 - d + 6 + 0 - 18. What is w(h)?
12
Let i(a) be the first derivative of -a**6/360 - a**5/120 + 3*a**4/8 + 154*a**3/3 - 123. Let j(c) be the third derivative of i(c). Determine j(-3).
3
Let b be 2/((-8)/(-5) + -2). Let r be (1 + -2)*16/4 - -6. Let z(f) = -2 - r - 4*f**2 + 5*f + 36*f**3 - 37*f**3. Calculate z(b).
-4
Let w(r) = -r**3 - 5*r**2 + r + 7. Suppose 3*u = -12, -52 = -3*v + 3*u - 55. Calculate w(v).
2
Let m(g) = -13*g**2 + 4 - 3 + 3 - 5 - 2*g + 14*g**2. Suppose 5*z - 7*z + 4 = 0. Suppose -5*i + 2*j + 1 = 0, 9*j - 4*j = z*i - 13. Give m(i).
2
Suppose 380 = -60*j + 58*j. Let l be (1 + -1)/((-19)/(j/20)). Let i(g) = -g + 10. Determine i(l).
10
Let j(p) be the first derivative of -p**4/4 - 2*p**3 - p**2 + p + 236. Let r = 271 + -277. Give j(r).
13
Suppose -4*q + 117 = -z - 2*z, -104 = -3*q - z. Let y be (-15)/2*(308/q - 10). Let t(u) be 